 greatest common factor of i and 40?
8
Suppose -2 = -4*x + 2, -4*d = 5*x - 53. What is the greatest common divisor of d and 132?
12
Suppose -3*n + 4*n = 3*d - 29, 2*n = -5*d + 30. Calculate the highest common factor of d and 64.
8
Suppose 0 = c + 18 + 33. Let h be 12/(-10)*170/c. Suppose h*u - 4*g - 52 = 0, 5*u - 35 = -0*g - g. Calculate the highest common factor of u and 56.
8
Suppose -2*w + 4*w - 14 = -f, 46 = 2*f - 2*w. What is the greatest common divisor of f and 145?
5
Let v(a) = -14*a**3 - 3*a**2 - 2*a - 2. Let l be v(-2). Calculate the greatest common divisor of l and 18.
6
Let m = 3799 - 3767. Let f(a) = -7*a + 2. Let o be f(-2). Calculate the highest common factor of o and m.
16
Let d(g) = g + 16. Let s be d(-6). Suppose -3*r + 2 + s = 0. Suppose 55 = r*n - 21. What is the highest common factor of 209 and n?
19
Suppose 2*d + 12 = 3*d. Let l be 4/(-14) + 920/(-14). Let w = 162 + l. Calculate the highest common divisor of w and d.
12
Suppose 3629 + 58174 = 27*f. What is the highest common factor of 21 and f?
21
Let o(z) = -z**2 - 7*z + 11. Let x be o(-7). What is the highest common divisor of x and 253?
11
Let w = -1 - -21. What is the greatest common divisor of 148 and w?
4
Let k(b) = -3*b + 69. Let i be k(17). What is the greatest common divisor of 27 and i?
9
Let h = 563 + -476. What is the highest common divisor of 203 and h?
29
Suppose o - 3*o + 4*m = -92, 0 = -5*o - 4*m + 188. Calculate the highest common divisor of o and 280.
40
Suppose 0 = x + 2*o, 5*x + 2*o - 18 = -2*o. Suppose x = 5*h - 4. What is the highest common divisor of h and 14?
2
Let c(w) = w - 5. Let f be c(5). Suppose -2*o = 4*t - 224, f*t + 56 = t - 3*o. Let j be (-4)/(-1 + 0) - (-10 + 6). What is the highest common factor of j and t?
8
Let j be (-2)/4 - (6 + (-765)/10). Calculate the greatest common factor of 595 and j.
35
Let q = -2 - 90. Let i = q - -96. What is the highest common divisor of i and 16?
4
Let o be 2/(-8) + (-31)/4. Let v = o + 20. What is the highest common factor of 96 and v?
12
Let c = -7 + 17. Suppose 0*p - 8*p = -16. Calculate the highest common divisor of c and p.
2
Let u = 45 - 24. Calculate the greatest common divisor of 105 and u.
21
Let i be (-9)/(-45)*235 - 0. What is the greatest common factor of i and 1457?
47
Let o be (-6)/75 - 204/(-50). Calculate the highest common divisor of o and 244.
4
Suppose 3*n = 11*n - 120. Let r = n + 20. Calculate the highest common factor of 105 and r.
35
Suppose 574*d = 568*d + 1458. Calculate the highest common factor of d and 567.
81
Let u = 23 + -17. Let f be 22/(u/27*3). What is the greatest common factor of f and 3?
3
Let l be ((-48)/(-10))/((-282)/(-940)). What is the highest common divisor of 1 and l?
1
Let h be (3/9*-11)/(42/(-504)). What is the greatest common divisor of 132 and h?
44
Suppose -36 = -9*d + 3*d. Suppose -2*w + c + 6 = 0, d*c - c = -2*w - 6. Suppose -w*t = -9 + 7. What is the greatest common divisor of t and 7?
1
Let o = 0 + 15. Let c be 1812/30 + (0 - 6/o). Calculate the highest common divisor of c and 12.
12
Suppose -15 = -a + 6*a. Let n(u) = -u**2 + 2*u. Let h be n(a). Let y = -3 - h. What is the greatest common divisor of y and 132?
12
Suppose -2*y + 6 = 2*i - 4, 0 = 5*i + 2*y - 19. Suppose -5*a + 4*k + 97 = -221, i*a - 213 = -5*k. Calculate the highest common factor of a and 6.
6
Let r = 1286 - 1153. What is the greatest common divisor of 19 and r?
19
Let w = 3 - -12. Let f(a) = -4*a**3 + a. Suppose -5*o - 2*q - 18 = 0, o + 5*q = -13 - 9. Let m be f(o). What is the highest common factor of w and m?
15
Let z(i) = -3*i + 2*i + 12*i**2 + 2*i - i**3 + 3 + 0. Let s be z(12). What is the greatest common factor of 135 and s?
15
Let s(g) = 2*g**2 + 17*g + 42. Let h be s(-12). What is the greatest common divisor of h and 36?
18
Let m = 1550 - 1505. What is the highest common divisor of m and 531?
9
Let u = 98 + -91. What is the greatest common factor of u and 14?
7
Suppose -74 = 4*l + 2*w - 216, 2*l - w - 65 = 0. Calculate the highest common divisor of 119 and l.
17
Suppose 0*b - 3*r - 177 = -4*b, 5*b - r = 213. Suppose 5*t = 2*a - 69, 0 = a - t + 1 - 40. Let c = a - 21. What is the greatest common factor of c and b?
21
Let t(m) = m**3 - 25*m**2 - 25*m + 4. Let a be t(26). Suppose 4*j - u - 37 = 0, 0 = 6*u - 3*u - 9. What is the highest common factor of a and j?
10
Let i(q) = 108*q. Let f be i(2). Suppose 16*b - f - 408 = 0. Calculate the greatest common factor of b and 52.
13
Let z = 44 - 48. Let s be (-10)/(8 - 3) - z. Calculate the highest common divisor of s and 14.
2
Let v be -9*(1 + 0) - -3. Let o(l) = -l**2 - 4*l + 18. Let r be o(v). Suppose -6 + 3 = -f. Calculate the greatest common divisor of f and r.
3
Let a be 1 + 14 + 0/3. Let r be (4*-9)/(-3) + 3*1. Calculate the greatest common factor of r and a.
15
Let s = 2830 - 2768. Calculate the greatest common factor of s and 1891.
31
Suppose -17*a + 22038 = -11639. Calculate the highest common factor of a and 7.
7
Let x(b) = b + 4. Let v(l) = l**2 - l - 12. Let w be v(-4). Let g be x(w). Calculate the greatest common divisor of g and 36.
12
Let z = 25 - 27. Let b be (1/z)/((-2)/(-40)). Let t = 94 + b. What is the highest common factor of 21 and t?
21
Let d = -291 - -319. What is the highest common factor of d and 112?
28
Suppose 5*u - 3*v = -0*v + 1188, -3*u + 708 = -3*v. Calculate the highest common divisor of 60 and u.
60
Suppose -23*p = -14*p - 1458. What is the greatest common divisor of p and 36?
18
Let r be 0 + -3 + (-32 - -1141) - 0. What is the highest common divisor of r and 237?
79
Let y(u) = u**2 + 5*u + 4. Let b be y(-5). Let x(r) = 2*r**3 - 3*r**2 + 5*r - 8. Let h be x(2). Calculate the highest common factor of h and b.
2
Suppose -2*n - 4*i - 36 = 0, -5*n - 5*i - 23 - 42 = 0. Let p be (1 - (-5)/(-4)) + (-138)/n. What is the highest common divisor of 85 and p?
17
Suppose i = -1 + 2. What is the highest common divisor of 23 and i?
1
Let d(g) = 3*g + 2. Let b be d(0). What is the highest common divisor of b and 59?
1
Suppose -308 = -2*r - 4*n, r = 4*n - 8*n + 154. Suppose 6*v - r - 302 = 0. What is the greatest common factor of v and 38?
38
Let r = -10 - -13. Let v be (-286)/4 - r/(-6). Let u = -36 - v. Calculate the greatest common factor of u and 5.
5
Let l = -106 + 232. Suppose 195 - 104 - 109 = -r. Calculate the highest common divisor of l and r.
18
Let r be 0 - (-273)/13*6. Calculate the greatest common factor of 27 and r.
9
Let t = -61 - -138. Let s be (-8)/4*(-28)/8. Calculate the highest common divisor of s and t.
7
Let l(y) = -4*y. Let q be l(6). Let z be q*(-64)/24 - (3 + 1). Calculate the greatest common divisor of z and 12.
12
Let i(r) be the first derivative of -r**3/3 + 15*r**2/2 - 8*r + 16. Let b be i(12). Let t = -2 + 6. What is the greatest common divisor of t and b?
4
Suppose -x + 15*j + 31 = 20*j, -2*j = -3*x + 8. What is the highest common divisor of 354 and x?
6
Let g(c) = 26*c**2 - 2*c + 6. Let q be g(4). Suppose 5*b = 306 + q. Suppose 0 = 3*p - 43 - 11. What is the highest common divisor of p and b?
18
Let c(l) = 3*l**2 + l + 2*l**2 - 2 + 0*l + 13*l**2. Suppose -2*p + 1 + 1 = 0. Let k be c(p). What is the highest common divisor of 17 and k?
17
Suppose 0 = 2*p - 11 - 9. Let o(d) = -7*d + 21. Let n be o(8). Let t = 60 + n. What is the highest common divisor of p and t?
5
Suppose 0 = 2*f + 2*f - 208. Let b be f/5 + (-8)/20. Suppose 13*m = 8*m + b. Calculate the highest common factor of 4 and m.
2
Let s = 1067 + 3151. What is the highest common divisor of s and 37?
37
Suppose 24*y - 21*y + 27 = 0. Let h = y + 39. Calculate the greatest common divisor of 45 and h.
15
Let m be 4/(-14) + (1788/28)/3. Suppose m*l - 8*l - 208 = 0. Calculate the greatest common divisor of 8 and l.
8
Let a be 1/(12/44) + 3/9. Suppose -5*u - o + 169 = 0, o - 186 = -a*u - 50. What is the highest common factor of u and 33?
33
Suppose k - 2 = 0, 5*k - 274 = -3*m - 0*m. What is the greatest common divisor of 352 and m?
88
Let f = -20 + 97. Let a = -7 + 6. Let y(l) = -6*l + 1. Let z be y(a). Calculate the highest common divisor of f and z.
7
Suppose -2*s - 114 - 170 = 0. Let u = -100 - s. Let q be (-6)/2 - u/(-2). What is the highest common divisor of 126 and q?
18
Let m = 170 - 160. Let u(v) = -v**2 + 9*v - 4. Let g be u(7). Ca